- -107. Calculate the greatest common factor of o and c.
15
Let u(n) = -n**3 + 5*n**2 - n + 3. Let g be u(5). Let f be 3/6*g + 16. Suppose i + 9*i - 1350 = 0. Calculate the highest common divisor of f and i.
15
Suppose -80*a + 79*a = -2*i + 200, -5*i - 3*a = -500. Calculate the highest common factor of i and 60.
20
Let u(c) = -3*c**2 - 29*c + 76. Let p(a) = -a**2 - 2*a + 1. Let q(k) = -4*p(k) + u(k). Let r be q(18). What is the greatest common factor of 30 and r?
6
Let m = -20850 + 21105. Calculate the highest common divisor of 840 and m.
15
Suppose 4*d = 5*k - 961, -4*k + 5*d = 2*d - 768. Let r be (-27 - -30) + (17 + -1 - -2). What is the highest common factor of r and k?
21
Let p = -2 + 9. Suppose -p - 1 = -2*t. Let o(w) = -w**2 + 9*w - 17. Let c be o(t). What is the greatest common divisor of c and 3?
3
Let p be (7/(-3) - 1)*(-30 + -21). Suppose 0 = 11*u - p + 16. Suppose -5*g + 175 = -4*k, -2*g + 0*k + 70 = 4*k. Calculate the greatest common factor of u and g.
7
Suppose 1 = -9*k + 10. Let b be k/(-2) - 35/2. Let d = b - -38. What is the highest common divisor of d and 20?
20
Suppose -57 - 103 = -10*v. Suppose -2*m + v = 5*p - 6*m, -5*m = -5. Suppose 2*h + 3 = 5*t - 7, t = -p*h + 2. What is the highest common factor of t and 5?
1
Suppose 27*x - 797 = 12433. Calculate the greatest common factor of x and 539.
49
Let u(w) = 45*w**3 - 13*w**2 - 28*w + 196. Let d be u(6). Calculate the greatest common factor of d and 58.
58
Suppose -22*i = -8*i - 1232. What is the greatest common divisor of 72 and i?
8
Let r(n) = -n**2 + 17*n + 11. Let a be r(17). Suppose 3*f + 13 = -a. Let d be f + 72 + (0 - 1). Calculate the highest common divisor of 21 and d.
21
Let g = 316 - 217. Let k be 18282/g - (-4)/(-6). Calculate the greatest common divisor of 276 and k.
92
Let q = 408 + -372. Let i = 558 - 306. Calculate the greatest common divisor of q and i.
36
Let i(y) = 11*y - 17. Let o = -40 - -37. Let d(h) = 4*h - 6. Let a(t) = o*i(t) + 8*d(t). Let z be a(-13). Calculate the highest common divisor of 24 and z.
8
Suppose 17*c + 35*c = 1768. Suppose 2*m - w - 452 + 115 = 0, -m = 3*w - 179. Calculate the highest common factor of m and c.
34
Suppose 85*x + 1845 = 80*x. Let l = x - -523. What is the greatest common factor of l and 28?
14
Suppose -4*t - s = 8, 3 + 7 = -2*t - 2*s. Let f = t - -71. Suppose 3*j - 5*u = 37, -2*j + j + 3*u + 11 = 0. Calculate the greatest common factor of f and j.
14
Let z(c) = -85*c + 2876. Let g be z(23). What is the highest common factor of 9 and g?
3
Let b be (-6 - 2196/4)*(1 - 2). Suppose 5*m - 3*r - 685 = 0, b = -0*m + 4*m - r. Suppose 64*j = 68*j - m. Calculate the greatest common divisor of j and 14.
7
Suppose u - 918 - 4387 = -5*b, -4*u + 1080 = b. What is the greatest common factor of 2385 and b?
265
Let t(l) = 5*l**3 + 4*l**2 + l + 1. Let g be t(-3). Let s = -62 - g. Let a(w) = -432*w - 237. Let c be a(-1). What is the greatest common factor of c and s?
39
Suppose 5*i = 3*r + 32, i + 28 = 5*i - 3*r. Let j be ((-148)/6)/(6/(-63)). Suppose -i*c + 101 = -j. What is the greatest common factor of c and 36?
18
Let s(m) be the third derivative of -m**6/10 + m**5/12 - 7*m**4/24 - 5*m**3 - 2*m**2 - 5*m. Let b be s(-3). What is the highest common factor of 40 and b?
40
Let k be (2 - 3)*2 + 13. Suppose 26*s = -16*s + 420. Let h be 1/(-2)*-44*5/s. What is the greatest common factor of h and k?
11
Suppose 2538 + 154 = 12*a + 460. Calculate the highest common factor of a and 217.
31
Suppose -246 + 330 = 7*o. Suppose -3*i + 30*g - 35*g = o, i + 3*g = -8. What is the highest common factor of 67 and i?
1
Let b(d) = 5*d - 29. Let j(a) = -3*a**2 + 21*a - 4. Let h be j(5). Let q be b(h). Calculate the greatest common divisor of q and 909.
101
Suppose 32*c - 25*c - 4704 = -42*c. Suppose 0 = 2*d + 4. Let b be (2 - 0 - -12) + d. Calculate the highest common factor of c and b.
12
Suppose -l + j + 3 = 0, 4 = -3*l - j + 9. Suppose 0*s - 3*s - 135 = l*f, -4*f = -s - 31. Let m = 113 + s. Calculate the greatest common factor of 7 and m.
7
Suppose 8906*f - 8905*f = 15893. Calculate the highest common divisor of 23 and f.
23
Let z(j) = 52*j + 7. Let i be z(7). Suppose 1037 = -3*t + 35. Let v = t - -387. Calculate the greatest common divisor of i and v.
53
Let j(t) be the second derivative of t**3/3 - 5*t**2 + 2*t + 21. Let m be j(35). Calculate the highest common divisor of m and 444.
12
Suppose 5*o = 2*b - 33, 5*o - 2*b = -3*b - 36. Let l be 252/o*2/(-8). Suppose 10*w = -l + 429. What is the highest common divisor of 63 and w?
21
Suppose -y + 26 = -5*t, -4*y + 7*t - 2*t + 59 = 0. Let u(h) = 31*h - 33. Let o be u(y). Calculate the greatest common factor of 28 and o.
28
Let l(u) = 5*u + 2*u**2 - 5 + 1 + 1. Let i be l(-5). Let j(w) = 6*w**2 - 140*w - 480. Let g be j(-4). What is the greatest common divisor of g and i?
22
Let x(l) = -2*l**3 + 16*l**2 + 2*l - 16. Let u be x(8). Suppose -5*h + 23 - 8 = u. Suppose h*i = -10*i + 2665. What is the highest common factor of i and 41?
41
Suppose f - 30 = 5*v, 2*v + 3*v = 5*f - 50. Let z be (-3)/2*(-13 + 145/15). Calculate the highest common divisor of f and z.
5
Let l(n) = 36*n - 702. Let k be l(0). Let v = k + 1017. Calculate the highest common factor of v and 420.
105
Let s = 143 + -95. Suppose 4*q - 767 = -5*k - 75, 5*q + 611 = 4*k. Calculate the greatest common factor of s and k.
48
Let x be 5579 + 9 + (28 - 23). What is the highest common divisor of x and 238?
119
Let d = 7471 - 7391. What is the greatest common divisor of d and 730?
10
Let r be 326/22 + (13/11 - 1). Suppose 0 = -3*b + 3*w + 1224, -5*w = r*b - 12*b - 1208. Calculate the highest common divisor of 28 and b.
14
Suppose 21745 = 4*d - 3*j, -2*d - 4*j = -540 - 10360. What is the highest common divisor of 15 and d?
5
Let f be (11/((-33)/10) - -3)*-21. Let b = 176 - 99. What is the greatest common factor of b and f?
7
Let q be ((-1)/2)/(19/76) + 0. Let p be (6 - (-5)/(-5))*(3 + q). Calculate the highest common factor of p and 5.
5
Suppose 3*t - 13 = -2*o + 4*t, 5*o + t = 15. Suppose o*m + 174 = 7*m. Calculate the highest common factor of 638 and m.
58
Suppose 5*n + 22 = 3*k, -n - n + 8 = 3*k. What is the highest common factor of 500 and k?
4
Suppose 25*g - 1700 = 13*g - 13*g. Calculate the greatest common divisor of g and 3094.
34
Suppose q - 3*t = -10, 2*q - 4*q + t = 5. Let p be 33/(-2)*(0 + q + -11). Calculate the greatest common divisor of p and 22.
22
Let g(w) = 3*w**3 + 2*w**2 - 141*w + 1215. Let a be g(9). What is the highest common divisor of 675 and a?
135
Let f = 58 - 2. Suppose 5*h + 14 = -4*d, -5*h - 7 = -d - 2*d. Let p(m) = -7*m. Let q be p(h). Calculate the greatest common divisor of q and f.
14
Let f(g) = 13*g**2 - 16*g + 12. Let k be f(4). Let n = -145 + k. Let l(t) = 3*t**2 + 3*t - 3. Let q be l(-4). Calculate the highest common factor of q and n.
11
Suppose 0 = 2*y - 105 + 33. Let t = y + -36. Suppose t = -q + 4*m + 19, -5*q + 5*m + 170 = 30. What is the greatest common divisor of q and 31?
31
Let w = -582 - -879. Let z(p) = p**2 + 9*p + 41. Let i be z(-8). Calculate the greatest common divisor of w and i.
33
Let v = 2321 + -2303. What is the greatest common divisor of v and 150?
6
Let l(g) = g**2 - 5*g + 4. Let x be l(7). Suppose o - 24 = 3*c, 3*c + 3*o + 6 = -x. Let p be (4/2)/(c + 10). What is the highest common divisor of 8 and p?
1
Let z be (0 - -14) + -7 + 10. Suppose 24*w = 43*w - 2261. What is the highest common divisor of w and z?
17
Let l be (-3 + (2 - -1))/(35 + -34). Suppose -v + t = -139, v - 154 = -l*v - 2*t. Calculate the highest common divisor of v and 108.
36
Suppose -156 - 891 = 3*t. Let n = t - -943. Calculate the greatest common divisor of 66 and n.
66
Let c(v) = 2*v**2 + 24*v - 46. Let n be c(-34). Calculate the highest common divisor of 50 and n.
50
Let m = 12574 + -11339. What is the highest common factor of m and 65?
65
Let i = 1510 - 1454. Calculate the greatest common divisor of 472 and i.
8
Let c be (-54)/(-135) + (-7)/((-175)/3890). Calculate the highest common divisor of c and 780.
156
Let j(f) = 404*f + 1233. Let t be j(-3). Calculate the highest common divisor of 51 and t.
3
Let g(q) = -5 + 3 - 6*q + 3*q - 5. Let s be g(0). Let a = 94 + s. What is the greatest common divisor of a and 58?
29
Suppose s = 